)?
1165
Let z(h) = -2*h**2 + 29*h + 25. Calculate z(20).
-195
Let i(u) = -u**2 - 119*u + 244. What is i(2)?
2
Let x(m) = -m**3 + 41*m**2 - 302*m - 85. Calculate x(10).
-5
Let i(k) = k - 127. Determine i(0).
-127
Let i(g) = g**2 - 1287*g + 12894. Give i(10).
124
Let a(s) = 24*s - 293. Calculate a(14).
43
Let y(b) = b**3 - 20*b**2 - 46*b + 62. Determine y(22).
18
Let q(v) = 69*v + 658. Calculate q(-10).
-32
Let b(y) = 67*y + 1961. Give b(-33).
-250
Let j(t) = -52*t**2 + 9*t + 7. Give j(-1).
-54
Let u(n) = -117*n - 2110. Calculate u(-18).
-4
Let y(i) = 3*i**2 - 71*i + 51. Give y(23).
5
Let r(l) = -26*l - 36. Calculate r(-1).
-10
Let n(a) = -a**2 - 38*a + 220. Give n(8).
-148
Let t(s) = -18*s**2 + 10*s - 39. Determine t(4).
-287
Let q(f) = f**3 + 10*f**2 - 51*f + 5. Determine q(-13).
161
Let u(m) = 12*m**3 + 2*m**2 - 8*m + 5. Give u(1).
11
Let i(p) = p**3 + 6*p**2 + 5*p - 2. Determine i(-5).
-2
Let m(i) = -i**3 - 16*i**2 + 13*i - 40. What is m(-17)?
28
Let i(p) = -20*p**2 - 22*p - 58. Determine i(-4).
-290
Let o(j) = j**2 - 69*j - 1787. Give o(-20).
-7
Let n(j) = j**3 - 49*j**2 - 48*j + 74. Give n(50).
174
Let g(a) = a**3 + 9*a**2 - 142*a - 814. Calculate g(-5).
-4
Let b(r) = r**3 - 48*r**2 - 45*r - 72. Calculate b(49).
124
Let y(f) = -3*f**2 - 476*f - 18082. Give y(-63).
-1
Let l(a) = 4*a**3 - 7*a**2 + 2*a + 5. What is l(4)?
157
Let n(d) = -d**2 - 41*d + 179. Determine n(4).
-1
Let m(y) = -2*y**2 + 21*y + 166. Determine m(15).
31
Let o(l) = -3*l**3 + 120*l**2 - 961*l + 36. What is o(11)?
-8
Let h(k) = k**3 - 13*k**2 + k + 138. Determine h(12).
6
Let q(y) = -y**3 + 55*y**2 + 192*y - 1050. What is q(58)?
-6
Let h(t) = 27*t**3 + 14*t**2 - 36*t + 24. Calculate h(2).
224
Let k(o) = -o**3 - 2*o**2 + 38*o - 21. Give k(-9).
204
Let f(r) = r**3 + 12*r**2 + 18*r + 50. What is f(-11)?
-27
Let z(t) = 41*t**2 + 71*t + 3. Determine z(-3).
159
Let d(v) = -371*v + 962. Determine d(3).
-151
Let d(z) = z**3 + z**2 - 2*z - 47. Give d(5).
93
Let p(x) = -146*x + 3949. Calculate p(27).
7
Let q(s) = s**2 + 22*s + 116. Determine q(-8).
4
Let q(r) = -r**3 + 55*r**2 - 60*r + 321. Give q(54).
-3
Let p(m) = m**3 + 48*m**2 - 228*m + 1957. What is p(-53)?
-4
Let f(k) = 3*k**3 + 2*k**2 - k + 11. Give f(-3).
-49
Let v(o) = 3*o**2 + 86*o + 586. What is v(-17)?
-9
Let v(j) = j + 38. What is v(-38)?
0
Let p(w) = -55*w**3 + 1. Calculate p(-1).
56
Let h(i) = 65*i - 1088. Determine h(16).
-48
Let n(q) = -q**2 + 182*q + 4567. Determine n(-22).
79
Let n(i) = -10*i - 290. Determine n(-29).
0
Let i(v) = -83*v - 542. Calculate i(-3).
-293
Let q(b) = -60*b**2 + 17*b - 5. Give q(1).
-48
Let g(l) = -l**3 + 5*l**2 + 2*l - 32. Calculate g(-7).
542
Let m(g) = -5*g**3 + 676*g**2 - 138*g + 428. Calculate m(135).
23
Let m(g) = g**2 + 23*g + 160. Calculate m(-30).
370
Let h(u) = 159*u - 9. Give h(-1).
-168
Let f(c) = 412*c - 2459. Determine f(6).
13
Let g(z) = -z**2 + 30*z + 198. Calculate g(-9).
-153
Let p(l) = -5*l**2 - 114*l - 33. What is p(-22)?
55
Let u(c) = -24*c - 260. Calculate u(-16).
124
Let w(r) = -8*r**2 - 62*r + 39. What is w(-8)?
23
Let g(b) = b**2 + 518*b + 5095. Give g(-10).
15
Let l(u) = -4*u**3 - 61*u**2 - 15*u - 5. What is l(-15)?
-5
Let w(h) = -4*h**2 - 107*h + 667. Give w(5).
32
Let a(m) = -120*m + 1569. Calculate a(13).
9
Let y(z) = z**2 + 44*z + 150. Calculate y(-40).
-10
Let y(a) = a**3 - 25*a**2 + 28*a - 1375. Calculate y(26).
29
Let p(u) = 195*u**3 + 2*u + 2. Determine p(-1).
-195
Let w(l) = 16*l - 84. Determine w(8).
44
Let s(j) = 27*j + 128. What is s(0)?
128
Let k(b) = -b**3 - 4*b**2 - 51*b - 273. Give k(-6).
105
Let h(r) = r**3 + 21*r**2 + 23*r - 44. Give h(-20).
-104
Let t(x) = -390*x - 3189. Give t(-8).
-69
Let v(j) = -30*j**2 - 248*j + 3. Calculate v(-7).
269
Let m(l) = l**2 + 28*l + 57. Give m(-14).
-139
Let b(m) = -271*m - 69916. Determine b(-258).
2
Let o(y) = 4*y**2 + 120*y + 872. What is o(-11)?
36
Let w(o) = -25*o + 588. Determine w(33).
-237
Let h(z) = 22*z + 787. Give h(-35).
17
Let i(f) = -16*f + 180. What is i(12)?
-12
Let x(g) = g**2 - 37*g + 101. Calculate x(25).
-199
Let l(j) = 54*j**2 - 5*j + 7. Calculate l(2).
213
Let s(g) = 3*g**2 + 98*g + 125. Calculate s(-31).
-30
Let g(w) = -w**3 + 116*w**2 - 16*w + 1867. Calculate g(116).
11
Let c(z) = z**3 - 11*z**2 + 22*z - 28. Determine c(9).
8
Let r(t) = 353*t - 23693. Determine r(67).
-42
Let f(i) = -241*i - 3114. Determine f(-13).
19
Let n(w) = -88*w + 528. What is n(6)?
0
Let j(l) = l**3 - 61*l**2 - 37*l + 2097. Determine j(61).
-160
Let y(i) = i**3 - 32*i**2 + 8*i - 221. Give y(32).
35
Let k(i) = 362*i + 7. Calculate k(0).
7
Let g(s) = -s**3 + 11*s**2 + 23*s - 33. Determine g(9).
336
Let x(g) = 429*g - 5145. Determine x(12).
3
Let m(v) = -7*v**2 + 59*v - 13. Give m(9).
-49
Let j(u) = 65*u + 281. Determine j(-8).
-239
Let v(t) = -2*t**2 + 58*t - 402. What is v(12)?
6
Let s(i) = 566*i + 10168. Calculate s(-18).
-20
Let n(r) = -32*r**2 + 255*r - 4. Give n(8).
-12
Let i(m) = m**3 - 78*m**2 + 682*m - 137. Determine i(68).
-1
Let q(i) = -63*i + 474. Give q(8).
-30
Let a(j) = -429*j - 3855. Calculate a(-9).
6
Let w(t) = -t**3 + 23*t**2 - 132*t + 25. Determine w(13).
-1
Let f(b) = b**2 + 12*b + 4. Calculate f(-11).
-7
Let i(r) = 36*r - 288. What is i(7)?
-36
Let d(a) = 99*a**3 - 16*a**2 + 35*a - 3. Calculate d(2).
795
Let t(c) = -c**3 + 3*c**2 + 72*c - 12. Give t(11).
-188
Let h(z) = -75*z - 588. Calculate h(-8).
12
Let m(p) = -46*p**3 + 5*p**2 - 7*p + 2. What is m(1)?
-46
Let p(d) = 112*d - 1772. Determine p(16).
20
Let t(a) = -3213*a - 3246. Give t(-1).
-33
Let j(k) = k**3 + 65*k**2 - 665*k + 62. Calculate j(-74).
-12
Let u(n) = n**3 - 19*n**2 - 77*n + 272. What is u(22)?
30
Let x(d) = -625*d + 1112. Determine x(2).
-138
Let f(d) = 6125*d - 48985. Give f(8).
15
Let p(m) = m**2 + 79*m - 1881. Determine p(-90).
-891
Let b(u) = -5*u**3 + 8*u**2 - 21*u + 20. What is b(2)?
-30
Let w(t) = -2*t**3 + 32*t**2 - 112*t - 76. What is w(10)?
4
Let s(g) = 32*g**3 + 13*g + 11. Give s(-1).
-34
Let d(x) = x**3 + 6*x**2 - 36*x - 129. What is d(-5)?
76
Let y(j) = -j**3 + 64*j**2 - 65*j + 129. Calculate y(63).
3
Let o(a) = 2*a**2 + 247*a + 4389. Give o(-102).
3
Let p(o) = 16*o + 5. Give p(-2).
-27
Let z(o) = -2*o**3 - 10*o**2 + 73*o + 6. Give z(5).
-129
Let p(u) = -u**3 - 14*u**2 - 9*u + 86. Give p(-13).
34
Let j(r) = r**2 + 14*r + 34. Calculate j(-6).
-14
Let y(k) = 11*k**3 - 9*k**2 + 8*k + 1. Determine y(1).
11
Let x(d) = 32*d + 165. Give x(-5).
5
Let v(j) = 59*j**2 - 289*j - 37. What is v(5)?
-7
Let c(l) = -l**2 - 29*l - 73. Calculate c(-26).
5
Let c(a) = 53*a - 657. What is c(7)?
-286
Let g(f) = -f**3 + 66*f**2 + 278*f - 3. What is g(-4)?
5
Let c(g) = g**3 - 3*g**2 - 3*g - 62. Give c(6).
28
Let p(j) = -33*j**2 - 169*j + 4. What is p(-5)?
24
Let f(z) = -8*z**2 - 24*z - 67. Give f(-7).
-291
Let c(b) = 8*b + 116. Determine c(-13).
12
Let x(a) = 13*a + 45. What is x(29)?
422
Let w(v) = -v**3 - 48*v**2 + 15*v + 671. What is w(-48)?
-49
Let v(b) = -b**2 + 103*b - 1258. Give v(14).
-12
Let f(c) = -39*c + 257. Determine f(7).
-16
Let a(n) = n**3 - 39*n**2 + 351*n - 7385. Determine a(35).
0
Let v(x) = -19*x + 56. What is v(7)?
-77
Let r(w) = 2*w**3 + w**2 - 11*w - 20. Determine r(-5).
-190
Let k(j) = j**3 + 5*j**2 - 13*j - 20. Give k(-7).
-27
Let u(n) = -1693*n + 32162. Calculate u(19).
-5
Let p(x) = -5*x - 77. What is p(10)?
-127
Let x(p) = -p**2 - 63*p + 527. Determine x(7).
37
Let o(y) = y**3 - 21*y**2 + 60*y - 790. Calculate o(20).
10
Let g(x) = -x**3 - 11*x**2 - 18*x + 4. Determine g(-9).
4
Let z(b) = -60*b - 328. Calculate z(-6).
32
Let d(c) = -c**3 - 12*c**2 + c - 18. What is d(-6)?
-240
Let f(r) = 4*r**3 + 85*r**2 + r - 416. What is f(-21)?
4
Let v(n) = -n**3 - 62*n**2 - 167*n + 571. Calculate v(-59).
-19
Let x(z) = z**3 + 145*z**2 + 3003*z + 363. Determine x(-120).
3
Let k(d) = -26*d**2 - 2*d + 46. What is k(-2)?
-54
Let z(s) = 5*s**2 - 460*s + 453. Determine z(91).
-2
Let d(s) = -s**2 - 148*s - 4329. What is d(-40)?
-9
Let z(n) = -11*n**2 - 54*n - 38. Determine z(-3).
25
Let f(l) = -11*l**2 + 163*l - 128. Calculate f(14).
-2
Let p(m) = -2*m**3 + 18*m**2 - 6*m - 10. Give p(9).
-64
Let g(o) = -732*o + 3039. Determine g(4).
111
Let s(m) = 7*m - 145. Determine s(27).
44
Let w(m) = -2*m**3 + 25*m**2 + 84*m - 1294. Determine w